e 120/(-300) + 123*1/(-5). Let t(o) = -o**3 - 29*o**2 - 109*o - 25. What are the prime factors of t(n)?
2, 5
Let q = 96789 + -68586. List the prime factors of q.
3, 7, 17, 79
Let a = 89 - 55. Suppose -125 = -a*g + 29*g. Suppose 2*y - 3*p = -p + 58, 0 = 5*p - g. What are the prime factors of y?
2, 17
Suppose t + r + 16 = 0, -5*t - 3*r - 64 = -2*r. Let b = 3 - t. List the prime factors of (b/5)/(1 + -2) - -75.
2, 3
Let z(h) = -h**3 + 20*h**2 + 30. Let u be z(18). Suppose -4*m - u = -2302. What are the prime factors of m?
2, 7, 29
Suppose c + 94511 = -83*z + 88*z, 5*z - 94507 = -3*c. What are the prime factors of z?
2, 13, 727
Let s(j) = 37 + 9*j + 118 - 65*j + 10 - 14. List the prime factors of s(-7).
3, 181
Let u = -42 + 43. Let c(j) = 25*j**3 + 3*j**2 - j. Let t be c(u). Let k = t - 21. What are the prime factors of k?
2, 3
Let u be ((-2)/6)/((-21)/1449). Suppose -4*y + 2*j - 2 = 0, -y + 6*j = j + u. Suppose 2*i - 8 = y, 191 = 2*z + i. List the prime factors of z.
3, 31
Let x(z) = 39*z - 19. Let m be x(5). Suppose 2*r - 4*g = -122, -3*g + 4*g = -3*r - m. Let j = r - -117. What are the prime factors of j?
2, 29
Let k = 127 + -112. Let u(z) = 3 + k*z + 0*z + 8*z. List the prime factors of u(2).
7
Let l be -1 + -3 + (-21)/(-7) + -15. Let r(g) = 6*g**2 + 11*g + 35. List the prime factors of r(l).
3, 5, 31
Let u = -1142 - -12. Let p = -676 - u. What are the prime factors of p?
2, 227
Suppose 45088 = 33*l - 54671. List the prime factors of l.
3023
Let v be 1/((-54)/9) - (-19009)/6. Suppose -2*h - v = -13*h. List the prime factors of h.
2, 3
Suppose -17*k + 79489 + 12821 = 0. What are the prime factors of k?
2, 3, 5, 181
Let n(s) = 3*s**3 - 2*s**2 - s + 2. Let z be n(-1). Let x be 3/(65/25 + z). Suppose 5*b + 5*c - 116 - 34 = 0, 0 = -5*b + x*c + 200. List the prime factors of b.
5, 7
List the prime factors of -7*(8419/(-6) - (-9)/54).
7, 23, 61
Let w(k) = k**3 - k**2 + 2*k + 3. Let g be w(-4). Suppose -389*n = -390*n - 194. Let l = g - n. List the prime factors of l.
109
Let m(v) = -519*v + 691. List the prime factors of m(-66).
5, 29, 241
Let q(s) = -41*s**2 - 2*s + 1. Let i be q(-2). Suppose 8*c = -22 - 2594. Let u = i - c. What are the prime factors of u?
2, 3, 7
Suppose 33410 = -15*x + 14*x + 14*x. What are the prime factors of x?
2, 5, 257
Suppose 3*v = 3*o - 10386, 6303 = 5*o + 2*v - 11021. Let i = o - 2269. List the prime factors of i.
5, 239
Suppose 7457 - 1679 = 3*q. Suppose 5*y = 1299 + q. Suppose -84*t = -81*t - y. What are the prime factors of t?
5, 43
Let o = -50 - -47. Let d(m) = -2*m**3 - 4*m**2 - 3*m - 4. Let v be d(o). Suppose v*a = 26*a - 630. What are the prime factors of a?
2, 3, 5, 7
Let k(w) be the second derivative of 31*w**4/12 + w**3/6 - 11*w**2/2 + 31*w. Let b be k(-4). Let x = b + -318. What are the prime factors of x?
163
Let c(o) = -2*o + 8. Let x be c(4). Suppose x*u = 2*u + 3*s - 91, -3*u + 99 = -3*s. Let k = u - 29. List the prime factors of k.
3
Let b(d) = -d**2 + 7*d - 13. Let p be b(5). What are the prime factors of (p/24)/(20/(-137440))?
859
Let q = 1137 - -176. List the prime factors of q.
13, 101
Suppose 4*r = 7*r - 486. Suppose -5*c = -r + 22. Suppose 23 = p - c. List the prime factors of p.
3, 17
Let n(u) = 3*u + 35. Let g be n(0). Let s be (30/g)/(-3)*-7. Suppose s*w + 0*w - 158 = 0. List the prime factors of w.
79
Suppose -452 = a - 5*b, 2*a - 2*b + 7*b + 829 = 0. Let c = 654 + a. What are the prime factors of c?
227
Let i = 449 + -139. Suppose i*c - 34 = 309*c. List the prime factors of c.
2, 17
Let m(t) = -15133*t + 914. What are the prime factors of m(-3)?
29, 1597
Let v(o) = 43*o**3 - 8*o**2 - 17*o + 37. What are the prime factors of v(5)?
3, 1709
Let f = -9 + 18. Suppose -13*z - 9 = -16*z. List the prime factors of (-1)/f*z - (-130)/3.
43
Let s(q) = -77*q**3 + 16*q**2 + 76*q + 35. List the prime factors of s(-6).
16787
Suppose i + i - 3*l = 35, -4*i = -3*l - 67. Suppose -8800 = -i*m - 160. List the prime factors of m.
2, 3, 5
Suppose -14*h - 212616 = -4*y - 11*h, 2*y - 5*h = 106322. List the prime factors of y.
3, 7, 2531
Let r(m) = -338*m - 17. Suppose -7*b - 16 = -2. What are the prime factors of r(b)?
659
Suppose 218*s - 108*s = 107*s + 26571. What are the prime factors of s?
17, 521
Suppose 5*x = -d + 237 + 1222, 4*x - 1170 = 2*d. Suppose 0 = s + 5*m - x, 3*s = -11*m + 6*m + 926. List the prime factors of s.
317
Let m be (-189273)/(-56) + 1/8. Suppose -22*f + m = -12*f. What are the prime factors of f?
2, 13
Let j = 22 + 188. Let f = j - 47. List the prime factors of f.
163
Let y be 4/10 - (-1533)/105. Suppose -4*h + y = -3*u, 0*h - 3*u = h. Suppose -4*l = -h*g + l + 30, 5*g - 34 = 3*l. List the prime factors of g.
5
Let q = -102 - -101. Let m be (-115)/(48/(-50) - q). List the prime factors of m/(-15) + 1/3.
2, 3
List the prime factors of ((-112)/(-6))/(5/10410*4) - -5.
9721
Let b = -198 + 233. Suppose q - 156 = 5*z - b, -5*q + 631 = z. List the prime factors of q.
2, 3, 7
Suppose 5*y - 8 = y. Let b be y - -2 - (-8)/(-4). Suppose -4*n + 118 = -2*f, 39 = b*n + 2*f + f. What are the prime factors of n?
3
Let i = 29146 + -17779. What are the prime factors of i?
3, 421
Suppose -45*a = -48*a - 6. Let g(o) = 39*o**2 - 4 + 0*o + o + 0*o - 5*o. List the prime factors of g(a).
2, 5
Suppose 0 = -f - 5*f + 120. Suppose -762 - 298 = -f*l. List the prime factors of l.
53
Let f be 0/(-2) + 520/4. Suppose g + 2*g + 15 = 2*h, 2*g + 10 = -h. List the prime factors of 10/(0 + g) + f.
2
Let a = -3800 - -14218. List the prime factors of a.
2, 5209
Let s = 27057 + -16031. What are the prime factors of s?
2, 37, 149
Let b be (5 - (-6 + 4)) + -5. What are the prime factors of 8/16 + (b - (-3855)/6)?
3, 5, 43
Let u = 716 + -570. Suppose 163*g - 23579 = u*g. List the prime factors of g.
19, 73
Let i(o) = 95*o**3 - 3*o**2 - 21*o + 187. List the prime factors of i(7).
2, 3, 5413
Suppose 4*t + 2*i = 160, 0*t + 2*i - 43 = -t. Suppose 2*n - 772 = -2*n. Let c = n - t. What are the prime factors of c?
2, 7, 11
Suppose -180 = -7*o - 110. What are the prime factors of (12/o)/(11/9350)?
2, 3, 5, 17
Let u = -25963 - -52664. What are the prime factors of u?
26701
Let r = -50 - -40. Let n be (-2)/3*(r - 98). Suppose -5*j = 2*b - 3*b - 360, 3*b + n = j. List the prime factors of j.
2, 3
Suppose 15*z = 9*z - 24. Let d(q) = -88*q + 26. Let n(p) = 44*p - 13. Let u(r) = z*d(r) - 7*n(r). List the prime factors of u(3).
7, 17
Let q be (3*2998)/((-33)/(-42) - 1). Let l be (-4)/18 + q/(-63). Suppose 3*p - 2*a - l = -2*p, 5*p - 5*a = 675. List the prime factors of p.
2, 3, 11
Let k(h) = 23*h - 80. Let d be k(4). Let r(x) = -x**2 + 39*x + 18. What are the prime factors of r(d)?
2, 3, 19
Let w be (3/6)/((-29)/(-290)). Suppose 2*o + 2*y - 1048 = 0, -2 = w*y - 22. What are the prime factors of o?
2, 5, 13
List the prime factors of (2620 - 105)*(0 + 1/2)*6.
3, 5, 503
Let r(k) be the second derivative of 9*k**2 - 8/3*k**3 + 0 + 35*k. What are the prime factors of r(-4)?
2, 41
Let t(o) = -1437*o**2 + 8*o - 6. Let n(k) = -2872*k**2 + 15*k - 11. Let i(f) = -4*n(f) + 7*t(f). What are the prime factors of i(1)?
1427
What are the prime factors of 200684/10 - (-2 + 12/5)?
2, 29, 173
Suppose 2*q = 2*l - l - 19, -5*q = -2*l + 39. Suppose 0 = a + l - 19. Suppose -7*f - 23 = -u - a*f, -f = -2*u + 37. List the prime factors of u.
2, 3
Let j(c) = 290*c + 191. What are the prime factors of j(13)?
17, 233
Suppose 0 = 118*c - 92*c - 96954. List the prime factors of c.
3, 11, 113
What are the prime factors of 432/24 + -15 - 16814/(-4)*2?
2, 5, 29
Suppose -16*y + 761 + 1911 = 0. Suppose 178*f - y*f = 3663. What are the prime factors of f?
3, 37
What are the prime factors of ((-1961754)/(-2935))/(2/115)?
3, 23, 557
Suppose -z - 3 = -7. Suppose t = z*w - 5 + 1, -4*w = 5*t - 28. Suppose -3*b = -s - w*s + 27, 0 = 4*s + 5*b. What are the prime factors of s?
5
Let k(a) = 26*a**3 - 86*a**2 + 701*a + 3. What are the prime factors of k(9)?
2, 3, 5, 61
Let v(z) be the third derivative of -z**6/120 + z**5/10 + 7*z**4/12 + 2*z**3/3 + 13*z**2. Let s = -1 - -8. What are the prime factors of v(s)?
53
Let j be 322/4 - 5/10. Let n = j + -113. Let i = -11 - n. What are the prime factors of i?
2, 11
Let i(p) = 109*p**3 + 5*p**2 + 12*p - 4. Let z be i(5). List the prime factors of (z/